d 20?
10
Suppose 37*s - 4*m = 32*s + 330, 2*s = -4*m + 104. Calculate the greatest common divisor of 1550 and s.
62
Let m = -1913 + 1969. Calculate the highest common factor of m and 266.
14
Suppose -24 = -2*j - 2*j. Suppose 5*z = 3*a - 38, 4*z + 24 = 2*a + z. Suppose a*b - 72 = 3*b. Calculate the greatest common factor of b and j.
6
Suppose 3*j = 56 + 34. Let l(p) be the second derivative of 4*p**4/3 - p**3/2 - 3*p**2/2 - 3*p. Let t be l(-3). Calculate the greatest common factor of t and j.
30
Suppose -p = 5*h - 8, -4*p - 1 + 10 = -3*h. Let b = 1 - h. Let y = 4 + b. Calculate the greatest common factor of 16 and y.
4
Suppose -34*i + 66*i - 608 = 0. Let a = -94 - -170. Calculate the highest common factor of a and i.
19
Suppose -3*g + 9 = -0. Suppose g*t + 56 - 176 = 0. Let a = 1 + 15. Calculate the greatest common divisor of t and a.
8
Suppose 0 = -4*x - 8*m + 7*m + 15, x - 1 = -3*m. What is the greatest common factor of 76 and x?
4
Let q(d) = 2*d**2 - 8*d + 22. Let w be q(12). Suppose -w + 54 = -4*m. Suppose 3*y - 43 - 5 = 0. What is the highest common factor of y and m?
8
Let u be 2*13/2*7. Suppose -4*q - q + 3*w = -161, 3*q - u = -w. What is the highest common divisor of q and 31?
31
Suppose -3*o + 4*x - 58 + 16 = 0, -5*x + 55 = -4*o. Let b(s) = 3*s**2 - 6*s - 8. Let k be b(o). What is the greatest common divisor of k and 32?
32
Let j(p) = -p**2 - 6*p + 3. Let n be j(-7). Let u(l) = -3 - 1 - 5*l**3 - 7*l - 3. Let o be u(n). What is the greatest common divisor of o and 31?
31
Suppose 1530 = 433*f - 416*f. Calculate the greatest common factor of 2220 and f.
30
Let a = 1650 + -875. What is the greatest common divisor of a and 25?
25
Suppose 2*v = 3*v + 2*a - 145, 3*v = -4*a + 433. Let h = 169 - 156. Calculate the highest common factor of h and v.
13
Let l(i) = 3*i + 27. Let r be l(-9). Suppose r = 40*c - 41*c + 136. What is the greatest common factor of 34 and c?
34
Let b = -126 - -301. Suppose 98 = 5*m - 47. Suppose l - m = -4. What is the greatest common factor of l and b?
25
Suppose -130 = -r - r. Let a be (39/(-1 - -2))/((-18)/(-12)). What is the highest common factor of a and r?
13
Suppose 669 = 4*z - 623. What is the greatest common factor of 68 and z?
17
Suppose 11 = -5*y + 16. Let p be 15/20*(-40)/(-6). What is the greatest common factor of p and y?
1
Let f(y) = y**3 + 10*y**2 - 12*y - 3. Suppose -88 = 5*h + 3*h. Let z be f(h). Let j be -3 + 68 + -1*1. Calculate the highest common divisor of j and z.
8
Suppose 49*v - 27 = 46*v. What is the highest common divisor of 21 and v?
3
Let v = 2060 - -1020. What is the greatest common factor of 35 and v?
35
Let f(a) = a**3 - 17*a**2 + 38*a + 56. Let y be f(15). What is the greatest common divisor of 55 and y?
11
Let t(y) = -y**3 + 21*y**2 - 34*y - 58. Let k be t(19). What is the greatest common divisor of k and 729?
9
Suppose 3*d - 3 = -y, 3*d - 4*y = 2*d - 12. Let v be (d - -3)/((-3)/(-7)). Calculate the highest common divisor of 63 and v.
7
Suppose 0 = -2*q - 2*s + 116, q = -s + 3*s + 73. Let r = q - 51. What is the highest common divisor of r and 24?
12
Suppose 3*p + 234 = 12*p. Suppose p = 3*y + m, m - 2*m + 5 = 0. Calculate the highest common factor of y and 7.
7
Let j(u) = 3*u**3 - 2*u**2 + 1. Let c be j(1). Let r be 184/5 - c/(-10). Suppose 5*o - r = 38. Calculate the greatest common factor of 3 and o.
3
Let x = -11 - -5. Let t be (57/9)/((-1)/x). Suppose o - 144 = t. Calculate the greatest common factor of o and 26.
26
Suppose -3*u + u - 4 = 0. Let r be 1 - (8 - 14 - (1 + u)). What is the highest common factor of r and 8?
2
Suppose i + 3*f - 6 = -0*f, 13 = 5*i - 2*f. Suppose 3*b - i = 12. Calculate the greatest common divisor of 80 and b.
5
Suppose -2*w = -6*w - 8, 3*y - 3*w = 66. Let s be y/3*(-1)/(8/(-24)). Calculate the highest common divisor of 140 and s.
20
Suppose 0 = 3*o + 15, -2*w - 3*o + 4 + 17 = 0. Suppose l + 22 = y, -y + 14 + w = 4*l. What is the highest common factor of y and 8?
8
Suppose -o - 14 = -3*o - 2*w, 27 = 5*o + 3*w. Suppose -v = -2*g + 5*g - 54, -o*v = 4*g - 72. Calculate the highest common divisor of g and 9.
9
Let x(b) = 3*b**2 + 37*b + 224. Let u be x(-10). What is the highest common divisor of 22 and u?
22
Let m = 22 + -14. Suppose -m*b + 7*b = -99. Let r = 38 + -27. What is the highest common divisor of b and r?
11
Let d = 985 + -969. Suppose 14 = -j - 3*f, 3*j = -f - 0*f - 10. Let i be j/12 - (-2883)/18. What is the highest common divisor of i and d?
16
Let t = 1 + -1. Suppose 7*s = 25 + 31. Suppose -6*a + 10*a - s = t. Calculate the greatest common factor of a and 16.
2
Let r(q) = 5*q + 10 + 5*q - 4 + 4*q. Let m be r(3). Suppose 5*d - 3*z = 2*d + m, d - 2*z = 18. What is the highest common factor of 28 and d?
14
Suppose -64 = -15*p + 13*p. Suppose 53*w = 57*w - p. What is the greatest common divisor of w and 24?
8
Let l = 321 + -171. Calculate the highest common factor of l and 10.
10
Suppose 13 = v - h, -40 = -3*v - 3*h + 5*h. Suppose -12*y + 1120 = -2*y. What is the highest common factor of v and y?
14
Let f = -239 + 244. What is the highest common factor of 165 and f?
5
Suppose -4*k = -p - 43, 0 = 3*p + 3*k + 67 + 47. Let t be (-1)/(-6)*16*p/(-4). Calculate the highest common factor of 104 and t.
26
Suppose 0 = -5924*a + 5931*a - 14175. Calculate the greatest common divisor of 81 and a.
81
Suppose 1461 = 18*z - 2823. Calculate the highest common factor of 14 and z.
14
Let c = 174 + -134. Calculate the greatest common divisor of 120 and c.
40
Let b be (-186 + (3 - 9))/((-3)/8). What is the highest common divisor of b and 16?
16
Let f be ((-8)/(-20))/(24/3180). Calculate the highest common divisor of f and 848.
53
Suppose 0 = 3*q - 0*q - 15. Suppose q*v - 14 - 16 = -5*b, 20 = 2*v - 2*b. Calculate the greatest common divisor of 1 and v.
1
Let t be (-1094)/(-7) + (-2)/7. Let v be 1 + 7 + 6972/83. Let i = t - v. Calculate the greatest common divisor of 16 and i.
16
Suppose 30 = 11*a + 4*a. Let d be (-3 - -2)*-1 - -2. What is the greatest common factor of a and d?
1
Let a(z) = -z**3 - 8*z**2 - 13*z - 90. Let b be a(-8). What is the highest common divisor of b and 91?
7
Suppose 5*y - 3*y = 14. Let i be -126*((-1)/(-2) - 1). Calculate the greatest common factor of y and i.
7
Suppose 9*u - 4*u = -15. Let q be 9 + 1 - (u + 1). Calculate the highest common factor of 3 and q.
3
Let d be (-20)/6*((-104)/20 + -2). What is the greatest common factor of 56 and d?
8
Suppose 3*h + 0*h - 48 = 0. Let c be (1280/(-25))/(1/(-30)). Suppose 8*p = -4*p + c. Calculate the greatest common factor of p and h.
16
Let j(f) = f**3 + 6*f**2 + 5*f + 4. Let t be j(-5). Let g = 20479 + -20473. What is the greatest common divisor of g and t?
2
Let j = -1715 - -2287. Calculate the highest common factor of j and 132.
44
Let p(m) = -m**2 + 37*m - 37. Let w be p(35). Calculate the highest common factor of w and 11.
11
Let t be 224/22 - 2/11. Suppose t*n - 7*n - 891 = 0. What is the greatest common divisor of 27 and n?
27
Suppose 8*d = 9*d - 16. What is the greatest common divisor of d and 4?
4
Let x(u) = -u**3 + 13*u**2 + 3*u + 6. Let g be x(13). Suppose 4*k + 3*b - 225 = 0, -k - b - 2*b = -g. Calculate the highest common factor of 40 and k.
20
Let y(k) be the third derivative of -k**4/24 - k**3 + 2*k**2. Let b be y(-16). Let j be (1 - 0) + 0 - -1. What is the highest common divisor of b and j?
2
Suppose 0*u + 2*v - 370 = -4*u, 4*u - 385 = v. Calculate the greatest common divisor of 285 and u.
95
Let x(z) = z**3 + 2*z**2 - 5*z + 12. Let b be x(4). What is the highest common divisor of b and 16?
8
Suppose 4*n + 59 = p, p + 5*n - 14 = -0*p. What is the greatest common divisor of 156 and p?
39
Let t = -339 + 499. Let m be ((-1)/2)/((-8)/t). Calculate the greatest common factor of m and 20.
10
Let o(c) = 4*c - 2. Let m be o(3). Let j = m + 56. Suppose -w + 6 + 0 = 0. What is the highest common divisor of j and w?
6
Let i be (152/(-20))/((-40)/1700). Calculate the highest common factor of i and 34.
17
Let a(q) = 39*q - 18. Let z be a(6). Let y be (4/6)/(2/z). Suppose 0 = 2*s - m - 18, 5*s - 16 = 2*s - 4*m. Calculate the highest common factor of s and y.
8
Let l be (280 - 0)*2/4. What is the greatest common divisor of 3220 and l?
140
Let w = -39 - -402. Calculate the greatest common divisor of 3